culate the greatest common factor of 3010891 and 26.
13
What is the highest common divisor of 213058 and 32?
2
Calculate the highest common divisor of 51744 and 792.
264
Calculate the greatest common factor of 254 and 8339074.
254
Calculate the greatest common divisor of 17584618 and 709.
709
What is the highest common factor of 255953 and 1555?
311
Calculate the highest common factor of 183490 and 6490.
590
What is the greatest common factor of 18175 and 25?
25
Calculate the greatest common factor of 330 and 799194.
66
What is the greatest common divisor of 4240 and 11395?
265
What is the greatest common factor of 16148028 and 1768?
884
What is the highest common divisor of 27987 and 418?
19
Calculate the greatest common factor of 1898 and 3484.
26
Calculate the greatest common divisor of 216363 and 987.
21
What is the greatest common factor of 979 and 1068?
89
Calculate the highest common divisor of 33165 and 173580.
165
Calculate the greatest common factor of 32766 and 136482.
258
Calculate the highest common factor of 1106 and 1358.
14
Calculate the highest common divisor of 636 and 4293.
159
Calculate the highest common factor of 12 and 304602.
6
What is the greatest common factor of 364599 and 459?
153
Calculate the highest common factor of 914158 and 595.
119
Calculate the highest common factor of 10237 and 4553.
29
What is the highest common factor of 4437 and 306?
153
What is the greatest common factor of 71163 and 36?
9
Calculate the greatest common factor of 1462 and 4042.
86
Calculate the greatest common factor of 18976 and 96.
32
What is the highest common divisor of 72 and 665352?
72
Calculate the highest common factor of 457947 and 189.
189
Calculate the greatest common divisor of 66 and 178.
2
What is the highest common factor of 143235 and 675?
135
What is the greatest common factor of 103615 and 1610?
115
What is the greatest common divisor of 23730 and 195?
15
Calculate the greatest common factor of 1088 and 22.
2
What is the greatest common divisor of 197 and 160752?
197
What is the greatest common divisor of 42 and 144876?
6
Calculate the highest common divisor of 129568 and 224.
32
What is the highest common divisor of 63821 and 19?
19
What is the greatest common divisor of 4876 and 17089?
23
Calculate the highest common factor of 363 and 28677.
363
Calculate the greatest common divisor of 1460 and 24260.
20
What is the greatest common factor of 15 and 73635?
15
What is the highest common divisor of 48 and 10568?
8
What is the greatest common divisor of 97344 and 72?
72
What is the highest common factor of 4228 and 154?
14
What is the greatest common divisor of 427389 and 2614?
1307
Calculate the highest common factor of 58 and 828.
2
What is the greatest common factor of 1538010 and 69?
69
What is the highest common factor of 22716 and 84?
12
Calculate the highest common divisor of 57 and 32699.
19
What is the highest common divisor of 51 and 5750981?
17
What is the greatest common factor of 60 and 12405?
15
Calculate the highest common divisor of 22747 and 688.
43
What is the highest common divisor of 15300 and 7200?
900
What is the greatest common divisor of 516 and 18404?
172
Calculate the greatest common factor of 2793870 and 1332.
666
Calculate the highest common factor of 112 and 32284.
28
Calculate the highest common factor of 114 and 18954.
6
Calculate the greatest common divisor of 728220 and 848.
212
Calculate the greatest common factor of 4732 and 1092.
364
What is the greatest common factor of 760 and 25?
5
What is the highest common factor of 359425 and 165?
55
Calculate the greatest common factor of 3601363 and 713.
713
Calculate the highest common factor of 10419 and 4077.
453
Calculate the highest common divisor of 3 and 125387.
1
What is the highest common divisor of 15 and 288837?
3
What is the highest common factor of 29 and 131051?
29
What is the greatest common divisor of 7287150 and 156?
78
Calculate the greatest common divisor of 55 and 1043515.
55
What is the greatest common factor of 406 and 22358?
14
Calculate the highest common factor of 891366 and 266.
266
What is the greatest common factor of 92 and 48196?
4
Calculate the highest common factor of 2248251 and 57.
57
Calculate the highest common divisor of 8 and 1902568.
8
What is the greatest common divisor of 29727 and 34101?
81
What is the highest common factor of 70 and 396050?
10
Calculate the highest common factor of 165 and 256245.
165
Calculate the greatest common factor of 924038 and 74.
74
What is the greatest common factor of 366 and 2632638?
366
Calculate the greatest common divisor of 1762 and 5442818.
1762
What is the greatest common factor of 382 and 3235540?
382
What is the greatest common factor of 1440 and 2360?
40
What is the greatest common divisor of 274194 and 9?
9
What is the highest common factor of 52214 and 2?
2
Calculate the highest common factor of 456 and 366852.
228
What is the highest common factor of 5 and 182?
1
What is the greatest common divisor of 73008 and 169?
169
What is the highest common divisor of 242 and 14366?
22
Calculate the highest common factor of 28767 and 15996.
129
Calculate the highest common factor of 996 and 1956.
12
What is the greatest common divisor of 1077 and 1606525?
359
Calculate the greatest common divisor of 5754336 and 84.
84
Calculate the greatest common divisor of 37 and 27343.
37
What is the greatest common divisor of 28800 and 2520?
360
What is the greatest common factor of 1716 and 277420?
572
What is the greatest common factor of 867 and 3158481?
867
What is the greatest common divisor of 250 and 258250?
250
What is the highest common divisor of 303 and 335724?
303
What is the greatest common divisor of 200168 and 36680?
1048
Calculate the highest common factor of 963 and 1649298.
321
Calculate the highest common divisor of 9180 and 250240.
340
Calculate the highest common factor of 300 and 940.
20
Calculate the highest common factor of 73293 and 66.
33
What is the greatest common divisor of 910 and 94900?
130
What is the greatest common divisor of 9558 and 30942?
162
What is the highest common factor of 8109 and 306?
153
Calculate the highest common factor of 303758 and 98.
14
What is the greatest common factor of 678 and 27798?
678
Calculate the greatest common factor of 45111 and 33.
33
What is the greatest common divisor of 5778 and 3024?
54
Calculate the greatest common divisor of 48648 and 840.
24
What is the greatest common divisor of 384 and 321024?
384
What is the highest common divisor of 8450 and 167986?
338
What is the highest common divisor of 36482 and 74?
74
What is the highest common divisor of 263670 and 68?
34
Calculate the highest common divisor of 17 and 334577.
17
What is the highest common divisor of 156 and 258258?
78
Calculate the highest common factor of 463240 and 10360.
1480
Calculate the highest common factor of 8631403 and 11.
11
Calculate the greatest common divisor of 2834 and 1508.
26
Calculate the greatest common divisor of 97071 and 262.
131
What is the greatest common divisor of 16669 and 395?
79
What is the highest common factor of 10 and 36730?
10
What is the highest common divisor of 28 and 24524?
4
What is the highest common factor of 3238884 and 396?
396
Calculate the highest common factor of 26 and 367848.
26
Calculate the greatest common divisor of 104 and 336152.
8
What is the highest common divisor of 1728 and 26946?
54
What is the greatest common divisor of 1060 and 486752?
212
What is the highest common factor of 9535 and 35?
5
Calculate the greatest common divisor of 14 and 565733.
7
What is the highest common divisor of 149268 and 24?
12
Calculate the highest common divisor of 21142 and 38874.
682
Calculate the greatest common factor of 668178 and 112.
14
What is the highest common divisor of 13893 and 53888?
421
What is the greatest common divisor of 513 and 2?
1
What is the greatest common divisor of 2067 and 507?
39
Calculate the highest common factor of 105 and 33453.
21
What is the greatest common divisor of 30500 and 1952?
244
Calculate the greatest common factor of 6773 and 39.
13
Calculate the greatest common factor of 75179 and 923.
13
Calculate the greatest common factor of 18239 and 897.
299
Calculate the greates